 by w(-10)?
178
Suppose 92*j = 105*j - 3783. Calculate the remainder when j is divided by 9.
3
Let p = 149 + -106. Suppose 64 = -a + 5*a. What is the remainder when p is divided by a?
11
Let u(v) = 3*v**2 + v - 3. Let h be u(-4). Let j = 59 - h. Calculate the remainder when j is divided by 11.
7
Suppose -r = -26*k + 25*k + 33, -k + 21 = 2*r. What is the remainder when 86 is divided by k?
28
Suppose 2*o = 3*t + 26, -5*t + 24 = 4*o - 4*t. Calculate the remainder when 12 is divided by o.
5
Suppose -19*g + 8868 = 451. Calculate the remainder when g is divided by 64.
59
Let w = -374 - -375. Suppose 6*j - 2*j = -3*i + 27, -3*j + 3*i = 6. Suppose 2*g - s - w = 0, -j*g + 3*s = -4 + 10. What is the remainder when 6 is divided by g?
0
Suppose -l + 3*s + 4 = -0*l, 0 = 2*l - s - 8. Suppose -b - 4*t = 2*b - 20, 3*b = 5*t + 2. Suppose x + 1 - b = 0. What is the remainder when l is divided by x?
1
Suppose -12 = -6*h + 4*h. Let k(y) = 2*y**2 - y - 2. What is the remainder when (26/h)/((-3)/(-9)) is divided by k(-2)?
5
Suppose -5*b - a + 0*a = -146, -2*b - 4*a = -44. Suppose 123*w - 127*w + 64 = 0. What is the remainder when b is divided by w?
14
Let q be ((-153)/36)/((-1)/8). Suppose 37 = j - q. What is the remainder when j is divided by 18?
17
Suppose -92 = -w + 5*n, -5*w + 397 = -10*n + 6*n. What is the remainder when w is divided by 13?
12
Suppose -5 = 2*u - 2*h - 21, 37 = 5*u - 2*h. Let n = u + -2. What is the remainder when n is divided by 13/3 + -1*6/18?
1
Suppose 0 = -15*n + 6*n + 477. What is the remainder when n is divided by 27?
26
Suppose -10*i - 3 = -13*i. Calculate the remainder when (i/(-2))/(3/(-1044)) is divided by 35.
34
What is the remainder when 376 is divided by (52/(-6))/(450/54 - 9)?
12
Let a(o) be the third derivative of 7*o**5/60 - o**3 + 32*o**2. What is the remainder when a(-2) is divided by 6?
4
Suppose 0 = 13*a + 22 - 152. Calculate the remainder when 117 is divided by a.
7
Suppose -164 - 6 = -5*o. Calculate the remainder when 2/(5*-5*(-6)/7275) - -1 is divided by o.
30
Suppose -3*j - m + 129 = 0, -2*m = 5*j + m - 211. Suppose -5*w = -3*a + 18, -2*a + 1 = 4*w - 11. Calculate the remainder when j is divided by (a - -4)*16/10.
12
Let g = 36 - 34. Suppose -g*a = 4 - 18. What is the remainder when 27 is divided by a?
6
Let p = -906 + 994. Calculate the remainder when 436 is divided by p.
84
Suppose 424 = -3*g + 502. Calculate the remainder when 96 is divided by g.
18
Suppose 7 - 32 = -5*d. Suppose d*h - 33 = 317. Suppose -h = -7*m + 5*m. What is the remainder when m is divided by 19?
16
Let u be (13*2)/(344/(-88) - -4). Suppose -8*p + u = 5*p. Calculate the remainder when p is divided by 2.
0
Let g(z) = 4*z + 4. Suppose 2*c + 6 = 0, -4*v + c - 4*c = -87. Let l be (-42)/4*(-16)/v. What is the remainder when g(l) is divided by 11?
10
Let x(o) = o**3 - 2*o**2 - o - 1. What is the remainder when x(4) is divided by (15/20)/((-32)/(-256))?
3
Let n(z) = z**2 + 6*z - 4. Let x be (7 - 9)/((-4)/(-18)). Suppose 18*t = 10*t + 536. Calculate the remainder when t is divided by n(x).
21
Suppose 0 = 4*v - 3*b - 45, 32*v - 4*b - 55 = 27*v. What is the remainder when 163 is divided by v?
13
Let g(h) = h + 13. Let t = 39 + -45. Calculate the remainder when 33 is divided by g(t).
5
Let f(k) = k**2 - 4*k - 10. Suppose 8*q - 33 = 11*q. What is the remainder when f(q) is divided by 39?
38
What is the remainder when 127 is divided by ((-1420)/7)/(-4) + (-42)/(-147)?
25
Let y = -3 - -11. Suppose y + 7 = 3*j. Suppose m = 4*x - 7, m + 3*m = j*x + 16. Calculate the remainder when 35 is divided by m.
8
Let v(f) = -f**3 - 5*f**2 - 3*f + 4. Let h be v(-4). Suppose -108 = -w + d - h*d, -5*w + 590 = 5*d. What is the remainder when w is divided by 19?
18
Let h be 106/9 - (-4)/18. Suppose z + z = h. Suppose z*n - 22 - 44 = 0. What is the remainder when n is divided by 6?
5
Let b = -15 + 30. Suppose -2*z = 3*z. Suppose z = -2*n - 2*n + 112. Calculate the remainder when n is divided by b.
13
Suppose x + 0*x - 8 = -5*q, 4*q + 5*x + 2 = 0. Let o(m) = 37*m - 2. What is the remainder when o(q) is divided by 25?
22
Suppose 180 = 9*x - 234. Let c = x - 25. What is the remainder when 81 is divided by c?
18
Let y = -212 - -250. What is the remainder when y is divided by 4?
2
Let x(m) = m**3 - 10*m**2 - m + 4. Let i(a) = -2*a + 4. Let g be i(-3). Let d be x(g). What is the remainder when 26 is divided by (-7)/(7/d) + 1?
5
Let y(o) = -59*o - 309. What is the remainder when y(-29) is divided by 108?
106
Let h(w) = 12*w**2 - w - 25. What is the remainder when h(4) is divided by 55?
53
Suppose -4*v + b = -5*v + 2, -2*v = -3*b - 4. What is the remainder when 75 is divided by v*6 - (10 - 5 - 4)?
9
Suppose -2*p + 2*k - 36 = -94, 4*k + 58 = 2*p. Calculate the remainder when 178 is divided by p.
4
Let m(t) = 3*t - 3. Let a be m(1). Suppose -4*z - w + 137 = a, 5*z - 4*w = -3*w + 178. Calculate the remainder when z is divided by 12.
11
Suppose 0*t + 6 = 3*t. Suppose -t*k - 4*o = -258, 3*k + 2*o - 116 - 287 = 0. What is the remainder when k is divided by 20?
17
What is the remainder when 35 is divided by (-357)/(-14) + -1 + (-3)/(-2)?
9
Suppose -2*r + 41 = -h, r + 2*r - 65 = -2*h. What is the remainder when -1 - (295/(-5) - 2) is divided by r?
18
Suppose 4*c - 32 = c + 4*h, c + 16 = -4*h. Suppose -c = -2*q, 0*k - 5*q = 2*k - 20. Calculate the remainder when 48 is divided by k.
3
Let a = 89 - 45. Suppose -5*d - 2*f + 264 = f, -2*d - 3*f + 102 = 0. Suppose -5*i + d = i. What is the remainder when a is divided by i?
8
Let v = -222 + 2275. Calculate the remainder when v is divided by 137.
135
Let m be 14 + (-8)/4 + 0. Let u = m - -53. What is the remainder when u is divided by 17?
14
Let q = 18 + -15. What is the remainder when 4 is divided by q?
1
Let w(m) = -m + 10*m + 4*m + 0*m - m**2 + 1. Suppose 0 = -5*b + b + 48. Calculate the remainder when w(11) is divided by b.
11
Suppose 0 = 5*c - y - 117, -2*c - 2*y = 3*c - 126. Calculate the remainder when 73 is divided by c.
1
Calculate the remainder when 179 is divided by 1/(-6) + (-13573)/(-294).
41
Let w = 38 - -84. Calculate the remainder when 465 is divided by w.
99
Let l = 1224 + -1118. Calculate the remainder when l is divided by 27.
25
Let n = 40 - 32. Suppose n*v = 13*v - 30. Suppose 0 = -3*t + 48. Calculate the remainder when t is divided by v.
4
Let z(n) = 2*n**2 - n. Let g be ((3 - 4)/1)/1. Let c be z(g). Suppose c*l - l = 70. Calculate the remainder when l is divided by 19.
16
Suppose 0 = 5*g - 0*g - 45. Suppose -t = -3*t + 8. Suppose d = 3*k - t*k + 15, d = -2*k + 30. What is the remainder when k is divided by g?
6
Let t = -2 + 12. Let g = -107 - -240. Calculate the remainder when (-40)/70*g/(-2) is divided by t.
8
Let s(z) = z**2 - 10*z + 2. Let h be s(11). Suppose 5*t - 4*t + 3*w = 14, -t = 4*w - h. Calculate the remainder when 64 is divided by t.
13
Let p(t) = -t**3 + 6*t**2 - 6*t + 11. Let r be 6/((-12)/10)*(-2 - -1). What is the remainder when p(r) is divided by 1?
0
Let z(q) = q + 28. Let o be z(-12). Suppose -m + o - 12 = 0. Calculate the remainder when 9 is divided by m.
1
Let h be (-2)/4 - 21/(-6). Suppose -2*l = -l - h. Suppose -3*q + 5*s = 11, -l*q + 7 = 2*q - 2*s. Calculate the remainder when 7 is divided by q.
1
Let f(p) = p + 7. Let v be f(3). Suppose v*t - 3*t = 133. What is the remainder when 35 is divided by t?
16
Suppose 3*d - 5*n = 49, 0 = 3*n - 8*n + 20. Calculate the remainder when d is divided by 8.
7
Let h = -122 - -139. Calculate the remainder when h is divided by 7.
3
Suppose 426 = 21*r - 540. What is the remainder when 172 is divided by r?
34
Suppose 7359*s - 7356*s = 21. Suppose 0 = -x + 28 - 4. Calculate the remainder when x is divided by s.
3
Let m = 21 - 24. What is the remainder when 73 is divided by -2*((-125)/10 - m)?
16
Suppose -42*q + 40*q = 5*c - 30, 2 = 2*q - 2*c. What is the remainder when (-14)/3*-1*3 is divided by q?
4
Calculate the remainder when 156 is divided by ((-240)/(-42))/((-1)/(-7))*2.
76
Suppose 67*d + 18 = 69*d. What is the remainder when 44 is divided by d?
8
Suppose 4*o = -5*k + 92 + 444, -4*k = 3*o - 403. Calculate the remainder when o is divided by 13.
12
Let u(f) = 5*f - 118. What is the remainder when u(33) is divided by 37?
10
Let f(g) be the third derivative of -g**6/60 - g